v + 2*v**2 + 9*v**2 - 1. What is the units digit of m(1)?
1
Let c = -75 - -107. What is the units digit of c?
2
Let d(c) = 13*c - 2. Let h be d(2). Suppose -y - h = -3*y. What is the units digit of y?
2
Let x = -54 + 117. What is the tens digit of x?
6
What is the tens digit of ((-147)/2)/((-6)/8)?
9
Suppose 4 = -0*h + 4*h. Suppose 0 = u + 1 - 4. What is the units digit of (2 + u + 0)*h?
5
Let r = 0 + 11. Suppose -4*o + r = -57. What is the units digit of o?
7
Let a = -3 + 6. What is the units digit of a - 0 - (-8 + 9)?
2
Let h = 3 - 8. Let a = -3 + h. What is the units digit of (-26)/a - 4/16?
3
Let y(n) = n. Let b be y(-12). What is the tens digit of (1 - 4) + 25 + b?
1
Let q = 436 - 310. Let i = q - 86. Suppose -2*l + i = 2*l. What is the tens digit of l?
1
Let q be (96/6)/(2/3). Suppose -q = -4*z - 2*v + 40, -2*z + 16 = -3*v. Suppose 0 = 2*b + 3*n - 29, b + 3 - z = 2*n. What is the units digit of b?
3
Let j(i) = -i + 9. Let r be 1 - 3 - 10/(-1). What is the units digit of j(r)?
1
Let n = -3 - -3. Suppose -3*w + 8*w = n. What is the units digit of w + 7 + -3 + 1?
5
What is the units digit of 17/((-5)/(-510)*6)?
9
Suppose -3*l + q + 16 = 0, 3*l + 0 = -2*q + 4. Let d be -1 + (6 + 3)*1. Suppose 36 - d = l*z. What is the units digit of z?
7
Let a(q) be the second derivative of 5*q**3/3 - q**2/2 + q. What is the units digit of a(1)?
9
Let l(v) = -22*v + 42. Let k(t) = 9*t - 17. Let m(o) = 12*k(o) + 5*l(o). What is the tens digit of m(-9)?
2
Let f = -40 - -71. What is the units digit of f?
1
Suppose -9 = -5*y + 16. Suppose -4*t - 12 = 0, -4*c + 0*t - y*t = 11. What is the units digit of c?
1
Let s be -6*(-2 + 3)*-1. Let u(j) be the third derivative of j**5/60 - j**4/6 - 5*j**3/6 + 5*j**2. What is the units digit of u(s)?
7
Suppose -3*a - 4*b = -0*a - 51, -37 = -4*a + 5*b. Let c = a + -10. What is the units digit of c?
3
Let z be -24*(-3)/(-8)*2. Let p = z - -44. What is the units digit of p?
6
Let k = 20 + -34. Let t = k - -29. What is the tens digit of t?
1
Let h(x) = -266*x - 1. Let m be h(-1). Suppose 3*i + m = 8*i. Suppose -9 = -c - 4*g, 2*c + g = 6*c - i. What is the tens digit of c?
1
Let d(i) = -2*i**3 - 3*i**2 + 2. Suppose 0 = -0*n + 3*n + 6. What is the units digit of d(n)?
6
Let x(d) = -28*d + 4. Let c be x(-4). Suppose 4*h - c = -4*g, 0*h + 4*g = 4*h - 84. What is the tens digit of h?
2
What is the tens digit of 15/12 + (-7875)/(-36)?
2
Suppose -28 = 3*u + i - 1, 0 = -2*u + 2*i - 26. Let z = u - -18. What is the units digit of z?
8
Suppose -544 = -3*p + g, -p + 3*g = -0*g - 184. What is the tens digit of p?
8
Suppose m + 4*v = 18, -2*v + 4 = 3*m - 5*m. Suppose 6*y - 3*y + 4*n = 26, m*y = -5*n + 8. Suppose 5*c = y + 26. What is the units digit of c?
8
Let b be ((-1)/(-3))/(1/15). Suppose 0 = -b*m - 8 - 7. Let r(i) = -2*i + 3. What is the units digit of r(m)?
9
Let q(y) = -y**3 - 4*y**2 + 4*y - 3. Let w be q(-5). Suppose -3*n + w = -2*n, -x = n - 20. What is the units digit of x?
8
Let l be (-42)/(-9) + (-4)/6. Let c = l + -3. What is the units digit of c?
1
Suppose -2*a = 5*p - a - 57, -2*a = -3*p + 29. What is the tens digit of p?
1
Let u = 113 + -58. What is the tens digit of u?
5
Suppose 4*f + 168 = 4*x, -4*f + 124 = 3*x - 9*f. What is the units digit of x?
3
Let d(y) be the second derivative of y**6/720 + y**5/60 + y**4/4 + 2*y. Let m(g) be the third derivative of d(g). What is the units digit of m(0)?
2
Let h = -156 + 240. What is the units digit of h?
4
Let k = 134 + -93. What is the tens digit of k?
4
Suppose -5*s + 3 - 23 = 0. Let l be (-70)/s - (-5)/(-10). Suppose 5*j + o - l = 0, -5*j - 9 = 3*o - 30. What is the units digit of j?
3
Suppose f - 40 - 13 = 0. What is the tens digit of f + -1 + -12 + 10?
5
Let a(w) = w**2 - 5*w + 4. Let v be a(4). Suppose -b - 2 = -v*b + 5*y, 5*b = -y - 10. What is the units digit of (-15)/6*1*b?
5
Let z(b) = b**3 - 2*b**2 + 2*b. What is the units digit of z(4)?
0
Suppose 0 = -3*l - 8 - 34. Let q = 6 + l. What is the tens digit of (-5)/4*(0 + q)?
1
Suppose 22 = -j + 9. Let s = j - -19. Suppose -a = -5*m - 1 - 2, 2*a - m - s = 0. What is the units digit of a?
3
Let f be (-8)/44 + (-4)/(-22). Suppose -5*d - 5*q + 90 = 0, f*q + 3*q = 4*d - 65. What is the units digit of d?
7
Let n = -10 + 9. Let f be (12 + -3)*n*1. What is the units digit of ((-12)/f)/(3/9)?
4
Let r(j) = j**3 - 8*j**2 + 6*j - 4. Let d be r(6). Let h = -28 - d. What is the units digit of h?
2
Let w = 226 + -115. Suppose -5*q + 2*q + w = 0. What is the units digit of q?
7
Let u be (-15)/(-9) + (-1)/(-3). Suppose 0 = -u*m + 4. Suppose -4*o + 0*o = -m*y - 18, 3*o - 5*y + 4 = 0. What is the units digit of o?
7
Let r = 0 - -2. Suppose 0 = -4*u - 3*s + 323, -2*u + r*s + 159 = s. Suppose 2*n = -5*g - 2*n + 35, 5*n = 5*g - u. What is the tens digit of g?
1
Let b(s) = 2*s**2 + 5*s + 4. Let q be b(-3). What is the units digit of 11*3*q/21?
1
Let x(j) = -3 - 3 - j + 1. Let y be x(-7). Suppose -5*f = -25, -b - 3*f = -y*f - 7. What is the units digit of b?
2
Let l = -7 - -13. Suppose -3*r + l = -15. What is the units digit of r?
7
Let i = -161 + 273. What is the units digit of i?
2
Suppose 0 = 6*w - 10*w + 1200. What is the tens digit of w?
0
Suppose -3*u - 3*o - 2*o + 3 = 0, -19 = 4*u - o. Let x = u - -6. Suppose 3*t = -4*g + 1, -3*g = -t - x - 2. What is the units digit of g?
1
Suppose 22 = 2*r + h + 3*h, -5*h + 28 = 3*r. What is the units digit of r?
1
What is the units digit of (-20)/140 + (-1156)/(-7)?
5
Let j be (11/4)/(1/4). Suppose -b = -2*b + j. What is the tens digit of b?
1
Let a be 0 - (-2)/((-4)/(-26)). Let d(m) = m - 2. What is the units digit of d(a)?
1
Suppose 5*v - 5*p + 9 = -16, 0 = 5*p - 25. Suppose 0 = 3*x + f - 79, -4*x + f - 3*f + 104 = v. What is the units digit of x?
7
Let r(x) = 3*x**2 + 3*x - 9. What is the tens digit of r(4)?
5
Suppose 0*z - 2*z + 4 = 0. Suppose -3*x + 12 = 3*h, 4*h - 3*x + z - 32 = 0. Suppose -2*u = -0*u - h. What is the units digit of u?
3
Suppose 3*w - 6*w + 12 = 0, 0 = f - 3*w + 5. What is the units digit of f?
7
Let s(o) = -11*o + 39. What is the tens digit of s(-10)?
4
Suppose 27 = -3*n + 129. What is the units digit of n?
4
Suppose -5*p + 30 = -3*f, p + 7*f + 17 = 3*f. Suppose -3*v = -18 - p. What is the units digit of v?
7
Let l(v) = -v**2 + 20*v + 17. What is the tens digit of l(9)?
1
Let w be (-1)/(1*(-1)/3). Suppose -w*r + 55 = 2*r. What is the tens digit of r?
1
Let y(p) = -2*p**2 - p - 3. Let z be y(-3). Let w be z/(-8)*(-16)/(-2). Let k = w - 10. What is the units digit of k?
8
Let h(l) = l. Let r be h(1). Suppose -r + 3 = o. What is the units digit of o?
2
Let t(d) = -d**2 - 8*d - 7. Let u be t(-8). Let h(f) = f**3 + 8*f**2 + 5*f - 10. Let p be h(u). What is the units digit of 31/11 - p/(-22)?
3
Let q(c) = 13*c**2 - c + 2. What is the tens digit of q(1)?
1
Suppose -4*r = -w + 267, -538 = -5*w + 3*w + 4*r. What is the hundreds digit of w?
2
Suppose -4*l + 35 = l. What is the units digit of l?
7
Let v(b) = b**2 + 4*b. Let c be v(-3). Let x be (-4)/c - 1/3. Let r(u) = 5*u. What is the units digit of r(x)?
5
Let h = 436 - 113. What is the tens digit of h?
2
Let f(j) = -5*j - 3. Let m be f(5). Suppose -5*x + 10*x + 95 = 0. Let t = x - m. What is the units digit of t?
9
Suppose -5*c - 14 = -34. Suppose 3*h + 88 = c*r - 19, -56 = -2*r + 4*h. What is the units digit of r?
6
Suppose 4*y + 4 = 0, 4*i - i + y - 8 = 0. Suppose -i*f + 46 = -35. What is the tens digit of f?
2
Let y(s) = 0*s + 5 - 4*s + 0*s - 5*s. Let m be y(-4). Let a = -26 + m. What is the tens digit of a?
1
Suppose -3*j + 2*g + 408 = 7*g, j + g = 138. What is the tens digit of j?
4
Let g be -3 - (3/1 + -11). Suppose -2*x + y + 0*y = -25, -x + 26 = -g*y. What is the units digit of x?
1
Suppose -2*y = -y - 9. What is the tens digit of y/((-9)/(-28)) - 0?
2
Let a = -12 + 13. Suppose a = 4*m - 19. What is the units digit of m?
5
Suppose 0 = v + 2 - 5. Suppose -2 + v = u. What is the units digit of u?
1
What is the units digit of (182/(-65))/(-2*(-2)/(-140))?
8
Let y(z) be the second derivative of -z**3/6 + 4*z**2 + 2*z. What is the units digit of y(7)?
1
Suppose -x + 13 = -3*x + 3*p, 3*p - 14 = x. Let o be x + (-7)/((-14)/12). What is the units digit of o + 3 + -1*1?
9
Let t(f) = -3*f**2 + f. Let a be t(2). What is the units digit of